{"id":3077,"date":"2026-04-12T10:28:04","date_gmt":"2026-04-12T10:28:04","guid":{"rendered":"https:\/\/www.fc-freya.de\/?page_id=3077"},"modified":"2026-04-12T11:35:52","modified_gmt":"2026-04-12T11:35:52","slug":"yoga","status":"publish","type":"page","link":"https:\/\/www.fc-freya.de\/?page_id=3077","title":{"rendered":"Yoga"},"content":{"rendered":"\n<p>Der FC Freya Limbach freut sich, Yoga-Kurse sowohl f\u00fcr Frauen als auch f\u00fcr M\u00e4nner anbieten zu k\u00f6nnen. Beide Kurse stehen unter der Leitung unserer zertifizierten Yoga-Lehrerin Evelyne Bachmann. Die Kurse finden im Gymnastikraum des Neubaus der Schule am Schlossplatz statt und werden in 10-er Kurseinheiten a 90 Minuten angeboten. Die Kurse sind sowohl f\u00fcr Anf\u00e4nger als auch f\u00fcr Fortgeschrittene geeignet. Da die Teilnehmerzahl begrenzt ist, bitten wir um Voranmeldung bzw. R\u00fccksprache mit Evelyne Bachmann.<br>Tel. 0163\/8022789<br>Email: <a href=\"mailto:evelyne.bachmann@odenwald-yoga.de\">evelyne.bachmann@odenwald-yoga.de<\/a><\/p>\n\n\n\n<p class=\"has-medium-font-size\"><strong>Damengruppe:<\/strong><\/p>\n\n\n\n<figure class=\"wp-block-image size-large\"><img loading=\"lazy\" decoding=\"async\" width=\"1024\" height=\"768\" src=\"https:\/\/www.fc-freya.de\/wp-content\/uploads\/2026\/04\/3fe2a227-9c20-4409-9718-cc6455393088-1024x768.jpg\" alt=\"\" class=\"wp-image-3078\" srcset=\"https:\/\/www.fc-freya.de\/wp-content\/uploads\/2026\/04\/3fe2a227-9c20-4409-9718-cc6455393088-1024x768.jpg 1024w, https:\/\/www.fc-freya.de\/wp-content\/uploads\/2026\/04\/3fe2a227-9c20-4409-9718-cc6455393088-300x225.jpg 300w, https:\/\/www.fc-freya.de\/wp-content\/uploads\/2026\/04\/3fe2a227-9c20-4409-9718-cc6455393088-150x113.jpg 150w, https:\/\/www.fc-freya.de\/wp-content\/uploads\/2026\/04\/3fe2a227-9c20-4409-9718-cc6455393088-768x576.jpg 768w, https:\/\/www.fc-freya.de\/wp-content\/uploads\/2026\/04\/3fe2a227-9c20-4409-9718-cc6455393088-1536x1152.jpg 1536w, https:\/\/www.fc-freya.de\/wp-content\/uploads\/2026\/04\/3fe2a227-9c20-4409-9718-cc6455393088.jpg 2048w\" sizes=\"auto, (max-width: 1024px) 100vw, 1024px\" \/><\/figure>\n\n\n\n<p class=\"has-medium-font-size\"><strong>Herrengruppe:<\/strong><\/p>\n\n\n\n<figure class=\"wp-block-image size-large\"><img loading=\"lazy\" decoding=\"async\" width=\"1024\" height=\"768\" src=\"https:\/\/www.fc-freya.de\/wp-content\/uploads\/2026\/04\/26c5b093-3885-4112-83f8-42dcc6192cd5-1024x768.jpg\" alt=\"\" class=\"wp-image-3079\" srcset=\"https:\/\/www.fc-freya.de\/wp-content\/uploads\/2026\/04\/26c5b093-3885-4112-83f8-42dcc6192cd5-1024x768.jpg 1024w, https:\/\/www.fc-freya.de\/wp-content\/uploads\/2026\/04\/26c5b093-3885-4112-83f8-42dcc6192cd5-300x225.jpg 300w, https:\/\/www.fc-freya.de\/wp-content\/uploads\/2026\/04\/26c5b093-3885-4112-83f8-42dcc6192cd5-150x113.jpg 150w, https:\/\/www.fc-freya.de\/wp-content\/uploads\/2026\/04\/26c5b093-3885-4112-83f8-42dcc6192cd5-768x576.jpg 768w, https:\/\/www.fc-freya.de\/wp-content\/uploads\/2026\/04\/26c5b093-3885-4112-83f8-42dcc6192cd5-1536x1152.jpg 1536w, https:\/\/www.fc-freya.de\/wp-content\/uploads\/2026\/04\/26c5b093-3885-4112-83f8-42dcc6192cd5.jpg 2016w\" sizes=\"auto, (max-width: 1024px) 100vw, 1024px\" \/><\/figure>\n","protected":false},"excerpt":{"rendered":"<p>Der FC Freya Limbach freut sich, Yoga-Kurse sowohl f\u00fcr Frauen als auch f\u00fcr M\u00e4nner anbieten zu k\u00f6nnen. Beide Kurse stehen unter der Leitung unserer zertifizierten Yoga-Lehrerin Evelyne Bachmann. Die Kurse finden im Gymnastikraum des Neubaus der Schule am Schlossplatz statt und werden in 10-er Kurseinheiten a 90 Minuten angeboten. Die [&hellip;]<\/p>\n","protected":false},"author":1,"featured_media":0,"parent":0,"menu_order":0,"comment_status":"closed","ping_status":"closed","template":"","meta":{"footnotes":""},"class_list":["post-3077","page","type-page","status-publish","hentry"],"_links":{"self":[{"href":"https:\/\/www.fc-freya.de\/index.php?rest_route=\/wp\/v2\/pages\/3077","targetHints":{"allow":["GET"]}}],"collection":[{"href":"https:\/\/www.fc-freya.de\/index.php?rest_route=\/wp\/v2\/pages"}],"about":[{"href":"https:\/\/www.fc-freya.de\/index.php?rest_route=\/wp\/v2\/types\/page"}],"author":[{"embeddable":true,"href":"https:\/\/www.fc-freya.de\/index.php?rest_route=\/wp\/v2\/users\/1"}],"replies":[{"embeddable":true,"href":"https:\/\/www.fc-freya.de\/index.php?rest_route=%2Fwp%2Fv2%2Fcomments&post=3077"}],"version-history":[{"count":2,"href":"https:\/\/www.fc-freya.de\/index.php?rest_route=\/wp\/v2\/pages\/3077\/revisions"}],"predecessor-version":[{"id":3124,"href":"https:\/\/www.fc-freya.de\/index.php?rest_route=\/wp\/v2\/pages\/3077\/revisions\/3124"}],"wp:attachment":[{"href":"https:\/\/www.fc-freya.de\/index.php?rest_route=%2Fwp%2Fv2%2Fmedia&parent=3077"}],"curies":[{"name":"wp","href":"https:\/\/api.w.org\/{rel}","templated":true}]}}