{"id":264,"date":"2017-02-03T21:36:16","date_gmt":"2017-02-03T21:36:16","guid":{"rendered":"http:\/\/fc-freya.de\/?page_id=264"},"modified":"2026-04-12T10:39:10","modified_gmt":"2026-04-12T10:39:10","slug":"foerderverein","status":"publish","type":"page","link":"https:\/\/www.fc-freya.de\/?page_id=264","title":{"rendered":"F\u00f6rderverein"},"content":{"rendered":"\n<p class=\"has-white-background-color has-background\">Der F\u00f6rderverein FC Freya Limbach 2001 e.V. unterst\u00fctzt durch diverse Aktivit\u00e4ten den FC Freya Limbach e.V.. Zu den Aufgaben des F\u00f6dervereins z\u00e4hlt u.a. der Betrieb der Photovoltaikanlage auf dem Sportheim Limbach und das Veranstalten diverser Events wie der allj\u00e4hrigen Seemannsball als Teil der &#8222;Lembocher Faschingskampagne&#8220; und die White Christmas Party an Nikolaus.  Limbach.<\/p>\n\n\n\n<figure class=\"wp-block-table\"><table class=\"has-white-background-color has-background has-fixed-layout\"><tbody><tr><td>Funktion<\/td><td>Name<\/td><\/tr><tr><td>Vorstand<\/td><td>Bernhard Herbinger<\/td><\/tr><tr><td>2. Vorstand<\/td><td>Michael Johmann<\/td><\/tr><tr><td>Schatzmeister<\/td><td>Aaron Wild<\/td><\/tr><tr><td>Schriftf\u00fchrer<\/td><td>Sabir Garnaoui<\/td><\/tr><\/tbody><\/table><\/figure>\n\n\n\n<p><\/p>\n","protected":false},"excerpt":{"rendered":"<p>Der F\u00f6rderverein FC Freya Limbach 2001 e.V. unterst\u00fctzt durch diverse Aktivit\u00e4ten den FC Freya Limbach e.V.. Zu den Aufgaben des F\u00f6dervereins z\u00e4hlt u.a. der Betrieb der Photovoltaikanlage auf dem Sportheim Limbach und das Veranstalten diverser Events wie der allj\u00e4hrigen Seemannsball als Teil der &#8222;Lembocher Faschingskampagne&#8220; und die White Christmas Party [&hellip;]<\/p>\n","protected":false},"author":1,"featured_media":0,"parent":0,"menu_order":0,"comment_status":"closed","ping_status":"closed","template":"","meta":{"footnotes":""},"class_list":["post-264","page","type-page","status-publish","hentry"],"_links":{"self":[{"href":"https:\/\/www.fc-freya.de\/index.php?rest_route=\/wp\/v2\/pages\/264","targetHints":{"allow":["GET"]}}],"collection":[{"href":"https:\/\/www.fc-freya.de\/index.php?rest_route=\/wp\/v2\/pages"}],"about":[{"href":"https:\/\/www.fc-freya.de\/index.php?rest_route=\/wp\/v2\/types\/page"}],"author":[{"embeddable":true,"href":"https:\/\/www.fc-freya.de\/index.php?rest_route=\/wp\/v2\/users\/1"}],"replies":[{"embeddable":true,"href":"https:\/\/www.fc-freya.de\/index.php?rest_route=%2Fwp%2Fv2%2Fcomments&post=264"}],"version-history":[{"count":6,"href":"https:\/\/www.fc-freya.de\/index.php?rest_route=\/wp\/v2\/pages\/264\/revisions"}],"predecessor-version":[{"id":3097,"href":"https:\/\/www.fc-freya.de\/index.php?rest_route=\/wp\/v2\/pages\/264\/revisions\/3097"}],"wp:attachment":[{"href":"https:\/\/www.fc-freya.de\/index.php?rest_route=%2Fwp%2Fv2%2Fmedia&parent=264"}],"curies":[{"name":"wp","href":"https:\/\/api.w.org\/{rel}","templated":true}]}}

Förderverein

<p class="has-white-background-color has-background">Der Förderverein FC Freya Limbach 2001 e.V. unterstützt durch diverse Aktivitäten den FC Freya Limbach e.V.. Zu den Aufgaben des Födervereins zählt u.a. der Betrieb der Photovoltaikanlage auf dem Sportheim Limbach und das Veranstalten diverser Events wie der alljährigen Seemannsball als Teil der &#8222;Lembocher Faschingskampagne&#8220; und die White Christmas Party an Nikolaus.  Limbach.</p>



<figure class="wp-block-table"><table class="has-white-background-color has-background has-fixed-layout"><tbody><tr><td>Funktion</td><td>Name</td></tr><tr><td>Vorstand</td><td>Bernhard Herbinger</td></tr><tr><td>2. Vorstand</td><td>Michael Johmann</td></tr><tr><td>Schatzmeister</td><td>Aaron Wild</td></tr><tr><td>Schriftführer</td><td>Sabir Garnaoui</td></tr></tbody></table></figure>



<p></p>

<p>Der Förderverein FC Freya Limbach 2001 e.V. unterstützt durch diverse Aktivitäten den FC Freya Limbach e.V.. Zu den Aufgaben des Födervereins zählt u.a. der Betrieb der Photovoltaikanlage auf dem Sportheim Limbach und das Veranstalten diverser Events wie der alljährigen Seemannsball als Teil der &#8222;Lembocher Faschingskampagne&#8220; und die White Christmas Party [&hellip;]</p>
